{"id":866,"date":"2022-03-18T14:18:08","date_gmt":"2022-03-18T13:18:08","guid":{"rendered":"https:\/\/www.activ-kranwerbung.com\/protezione-dei-dati\/"},"modified":"2024-01-22T19:17:49","modified_gmt":"2024-01-22T18:17:49","slug":"protezione-dei-dati","status":"publish","type":"page","link":"https:\/\/www.activ-kranwerbung.com\/it\/protezione-dei-dati\/","title":{"rendered":"Protezione dei dati"},"content":{"rendered":"","protected":false},"excerpt":{"rendered":"","protected":false},"author":1,"featured_media":0,"parent":0,"menu_order":0,"comment_status":"open","ping_status":"closed","template":"","meta":{"footnotes":""},"class_list":["post-866","page","type-page","status-publish","hentry"],"yoast_head":"<!-- This site is optimized with the Yoast SEO Premium plugin v24.8 (Yoast SEO v24.8.1) - https:\/\/yoast.com\/wordpress\/plugins\/seo\/ -->\n<title>Protezione dei dati - Activ Kranwerbung<\/title>\n<meta name=\"robots\" content=\"noindex, follow\" \/>\n<meta property=\"og:locale\" content=\"it_IT\" \/>\n<meta property=\"og:type\" content=\"article\" \/>\n<meta property=\"og:title\" content=\"Protezione dei dati\" \/>\n<meta property=\"og:url\" content=\"https:\/\/www.activ-kranwerbung.com\/it\/protezione-dei-dati\/\" \/>\n<meta property=\"og:site_name\" content=\"Activ Kranwerbung\" \/>\n<meta property=\"article:publisher\" content=\"https:\/\/www.facebook.com\/activ.werbetechnik\/\" \/>\n<meta property=\"article:modified_time\" content=\"2024-01-22T18:17:49+00:00\" \/>\n<meta name=\"twitter:card\" content=\"summary_large_image\" \/>\n<script type=\"application\/ld+json\" class=\"yoast-schema-graph\">{\"@context\":\"https:\/\/schema.org\",\"@graph\":[{\"@type\":\"WebPage\",\"@id\":\"https:\/\/www.activ-kranwerbung.com\/it\/protezione-dei-dati\/\",\"url\":\"https:\/\/www.activ-kranwerbung.com\/it\/protezione-dei-dati\/\",\"name\":\"Protezione dei dati - Activ Kranwerbung\",\"isPartOf\":{\"@id\":\"https:\/\/www.activ-kranwerbung.com\/it\/#website\"},\"datePublished\":\"2022-03-18T13:18:08+00:00\",\"dateModified\":\"2024-01-22T18:17:49+00:00\",\"breadcrumb\":{\"@id\":\"https:\/\/www.activ-kranwerbung.com\/it\/protezione-dei-dati\/#breadcrumb\"},\"inLanguage\":\"it-IT\",\"potentialAction\":[{\"@type\":\"ReadAction\",\"target\":[\"https:\/\/www.activ-kranwerbung.com\/it\/protezione-dei-dati\/\"]}]},{\"@type\":\"BreadcrumbList\",\"@id\":\"https:\/\/www.activ-kranwerbung.com\/it\/protezione-dei-dati\/#breadcrumb\",\"itemListElement\":[{\"@type\":\"ListItem\",\"position\":1,\"name\":\"Startseite\",\"item\":\"https:\/\/www.activ-kranwerbung.com\/it\/pubblicita-perfetta-della-gru\/\"},{\"@type\":\"ListItem\",\"position\":2,\"name\":\"Protezione dei dati\"}]},{\"@type\":\"WebSite\",\"@id\":\"https:\/\/www.activ-kranwerbung.com\/it\/#website\",\"url\":\"https:\/\/www.activ-kranwerbung.com\/it\/\",\"name\":\"ACTIV Kranwerbung\",\"description\":\"Kanleuchtk\u00e4sten f\u00fcr alle g\u00e4nigen Systeme\",\"publisher\":{\"@id\":\"https:\/\/www.activ-kranwerbung.com\/it\/#organization\"},\"potentialAction\":[{\"@type\":\"SearchAction\",\"target\":{\"@type\":\"EntryPoint\",\"urlTemplate\":\"https:\/\/www.activ-kranwerbung.com\/it\/?s={search_term_string}\"},\"query-input\":{\"@type\":\"PropertyValueSpecification\",\"valueRequired\":true,\"valueName\":\"search_term_string\"}}],\"inLanguage\":\"it-IT\"},{\"@type\":\"Organization\",\"@id\":\"https:\/\/www.activ-kranwerbung.com\/it\/#organization\",\"name\":\"ACTIV Werbetechnik GmbH\",\"url\":\"https:\/\/www.activ-kranwerbung.com\/it\/\",\"logo\":{\"@type\":\"ImageObject\",\"inLanguage\":\"it-IT\",\"@id\":\"https:\/\/www.activ-kranwerbung.com\/it\/#\/schema\/logo\/image\/\",\"url\":\"https:\/\/www.activ-kranwerbung.com\/wp-content\/uploads\/2024\/01\/Logo_Activ_Kranwerbung.svg\",\"contentUrl\":\"https:\/\/www.activ-kranwerbung.com\/wp-content\/uploads\/2024\/01\/Logo_Activ_Kranwerbung.svg\",\"width\":266,\"height\":82,\"caption\":\"ACTIV Werbetechnik GmbH\"},\"image\":{\"@id\":\"https:\/\/www.activ-kranwerbung.com\/it\/#\/schema\/logo\/image\/\"},\"sameAs\":[\"https:\/\/www.facebook.com\/activ.werbetechnik\/\",\"https:\/\/www.instagram.com\/activ_werbetechnik_gmbh\/\"]}]}<\/script>\n<!-- \/ Yoast SEO Premium plugin. -->","yoast_head_json":{"title":"Protezione dei dati - Activ Kranwerbung","robots":{"index":"noindex","follow":"follow"},"og_locale":"it_IT","og_type":"article","og_title":"Protezione dei dati","og_url":"https:\/\/www.activ-kranwerbung.com\/it\/protezione-dei-dati\/","og_site_name":"Activ Kranwerbung","article_publisher":"https:\/\/www.facebook.com\/activ.werbetechnik\/","article_modified_time":"2024-01-22T18:17:49+00:00","twitter_card":"summary_large_image","schema":{"@context":"https:\/\/schema.org","@graph":[{"@type":"WebPage","@id":"https:\/\/www.activ-kranwerbung.com\/it\/protezione-dei-dati\/","url":"https:\/\/www.activ-kranwerbung.com\/it\/protezione-dei-dati\/","name":"Protezione dei dati - Activ Kranwerbung","isPartOf":{"@id":"https:\/\/www.activ-kranwerbung.com\/it\/#website"},"datePublished":"2022-03-18T13:18:08+00:00","dateModified":"2024-01-22T18:17:49+00:00","breadcrumb":{"@id":"https:\/\/www.activ-kranwerbung.com\/it\/protezione-dei-dati\/#breadcrumb"},"inLanguage":"it-IT","potentialAction":[{"@type":"ReadAction","target":["https:\/\/www.activ-kranwerbung.com\/it\/protezione-dei-dati\/"]}]},{"@type":"BreadcrumbList","@id":"https:\/\/www.activ-kranwerbung.com\/it\/protezione-dei-dati\/#breadcrumb","itemListElement":[{"@type":"ListItem","position":1,"name":"Startseite","item":"https:\/\/www.activ-kranwerbung.com\/it\/pubblicita-perfetta-della-gru\/"},{"@type":"ListItem","position":2,"name":"Protezione dei dati"}]},{"@type":"WebSite","@id":"https:\/\/www.activ-kranwerbung.com\/it\/#website","url":"https:\/\/www.activ-kranwerbung.com\/it\/","name":"ACTIV Kranwerbung","description":"Kanleuchtk\u00e4sten f\u00fcr alle g\u00e4nigen Systeme","publisher":{"@id":"https:\/\/www.activ-kranwerbung.com\/it\/#organization"},"potentialAction":[{"@type":"SearchAction","target":{"@type":"EntryPoint","urlTemplate":"https:\/\/www.activ-kranwerbung.com\/it\/?s={search_term_string}"},"query-input":{"@type":"PropertyValueSpecification","valueRequired":true,"valueName":"search_term_string"}}],"inLanguage":"it-IT"},{"@type":"Organization","@id":"https:\/\/www.activ-kranwerbung.com\/it\/#organization","name":"ACTIV Werbetechnik GmbH","url":"https:\/\/www.activ-kranwerbung.com\/it\/","logo":{"@type":"ImageObject","inLanguage":"it-IT","@id":"https:\/\/www.activ-kranwerbung.com\/it\/#\/schema\/logo\/image\/","url":"https:\/\/www.activ-kranwerbung.com\/wp-content\/uploads\/2024\/01\/Logo_Activ_Kranwerbung.svg","contentUrl":"https:\/\/www.activ-kranwerbung.com\/wp-content\/uploads\/2024\/01\/Logo_Activ_Kranwerbung.svg","width":266,"height":82,"caption":"ACTIV Werbetechnik GmbH"},"image":{"@id":"https:\/\/www.activ-kranwerbung.com\/it\/#\/schema\/logo\/image\/"},"sameAs":["https:\/\/www.facebook.com\/activ.werbetechnik\/","https:\/\/www.instagram.com\/activ_werbetechnik_gmbh\/"]}]}},"_links":{"self":[{"href":"https:\/\/www.activ-kranwerbung.com\/it\/wp-json\/wp\/v2\/pages\/866","targetHints":{"allow":["GET"]}}],"collection":[{"href":"https:\/\/www.activ-kranwerbung.com\/it\/wp-json\/wp\/v2\/pages"}],"about":[{"href":"https:\/\/www.activ-kranwerbung.com\/it\/wp-json\/wp\/v2\/types\/page"}],"author":[{"embeddable":true,"href":"https:\/\/www.activ-kranwerbung.com\/it\/wp-json\/wp\/v2\/users\/1"}],"replies":[{"embeddable":true,"href":"https:\/\/www.activ-kranwerbung.com\/it\/wp-json\/wp\/v2\/comments?post=866"}],"version-history":[{"count":1,"href":"https:\/\/www.activ-kranwerbung.com\/it\/wp-json\/wp\/v2\/pages\/866\/revisions"}],"predecessor-version":[{"id":1003,"href":"https:\/\/www.activ-kranwerbung.com\/it\/wp-json\/wp\/v2\/pages\/866\/revisions\/1003"}],"wp:attachment":[{"href":"https:\/\/www.activ-kranwerbung.com\/it\/wp-json\/wp\/v2\/media?parent=866"}],"curies":[{"name":"wp","href":"https:\/\/api.w.org\/{rel}","templated":true}]}}

<!-- This site is optimized with the Yoast SEO Premium plugin v24.8 (Yoast SEO v24.8.1) - https://yoast.com/wordpress/plugins/seo/ -->
<title>Protezione dei dati - Activ Kranwerbung</title>
<meta name="robots" content="noindex, follow" />
<meta property="og:locale" content="it_IT" />
<meta property="og:type" content="article" />
<meta property="og:title" content="Protezione dei dati" />
<meta property="og:url" content="https://www.activ-kranwerbung.com/it/protezione-dei-dati/" />
<meta property="og:site_name" content="Activ Kranwerbung" />
<meta property="article:publisher" content="https://www.facebook.com/activ.werbetechnik/" />
<meta property="article:modified_time" content="2024-01-22T18:17:49+00:00" />
<meta name="twitter:card" content="summary_large_image" />
<script type="application/ld+json" class="yoast-schema-graph">{"@context":"https://schema.org","@graph":[{"@type":"WebPage","@id":"https://www.activ-kranwerbung.com/it/protezione-dei-dati/","url":"https://www.activ-kranwerbung.com/it/protezione-dei-dati/","name":"Protezione dei dati - Activ Kranwerbung","isPartOf":{"@id":"https://www.activ-kranwerbung.com/it/#website"},"datePublished":"2022-03-18T13:18:08+00:00","dateModified":"2024-01-22T18:17:49+00:00","breadcrumb":{"@id":"https://www.activ-kranwerbung.com/it/protezione-dei-dati/#breadcrumb"},"inLanguage":"it-IT","potentialAction":[{"@type":"ReadAction","target":["https://www.activ-kranwerbung.com/it/protezione-dei-dati/"]}]},{"@type":"BreadcrumbList","@id":"https://www.activ-kranwerbung.com/it/protezione-dei-dati/#breadcrumb","itemListElement":[{"@type":"ListItem","position":1,"name":"Startseite","item":"https://www.activ-kranwerbung.com/it/pubblicita-perfetta-della-gru/"},{"@type":"ListItem","position":2,"name":"Protezione dei dati"}]},{"@type":"WebSite","@id":"https://www.activ-kranwerbung.com/it/#website","url":"https://www.activ-kranwerbung.com/it/","name":"ACTIV Kranwerbung","description":"Kanleuchtkästen für alle gänigen Systeme","publisher":{"@id":"https://www.activ-kranwerbung.com/it/#organization"},"potentialAction":[{"@type":"SearchAction","target":{"@type":"EntryPoint","urlTemplate":"https://www.activ-kranwerbung.com/it/?s={search_term_string}"},"query-input":{"@type":"PropertyValueSpecification","valueRequired":true,"valueName":"search_term_string"}}],"inLanguage":"it-IT"},{"@type":"Organization","@id":"https://www.activ-kranwerbung.com/it/#organization","name":"ACTIV Werbetechnik GmbH","url":"https://www.activ-kranwerbung.com/it/","logo":{"@type":"ImageObject","inLanguage":"it-IT","@id":"https://www.activ-kranwerbung.com/it/#/schema/logo/image/","url":"https://www.activ-kranwerbung.com/wp-content/uploads/2024/01/Logo_Activ_Kranwerbung.svg","contentUrl":"https://www.activ-kranwerbung.com/wp-content/uploads/2024/01/Logo_Activ_Kranwerbung.svg","width":266,"height":82,"caption":"ACTIV Werbetechnik GmbH"},"image":{"@id":"https://www.activ-kranwerbung.com/it/#/schema/logo/image/"},"sameAs":["https://www.facebook.com/activ.werbetechnik/","https://www.instagram.com/activ_werbetechnik_gmbh/"]}]}</script>
<!-- / Yoast SEO Premium plugin. -->

Kanleuchtkästen für alle gänigen Systeme
